{"id":19,"date":"2015-02-05T15:56:44","date_gmt":"2015-02-05T15:56:44","guid":{"rendered":"http:\/\/cycestrategia.com.ar\/?page_id=19"},"modified":"2015-02-05T23:22:11","modified_gmt":"2015-02-05T23:22:11","slug":"nuestros-clientes","status":"publish","type":"page","link":"https:\/\/cycestrategia.com.ar\/?page_id=19","title":{"rendered":"Nuestros clientes"},"content":{"rendered":"<p>Estos son algunos de los clientes para los cuales el equipo senior de Colombo+Colla ha prestado servicios, tanto a nivel local como internacional:<\/p>\n<ul>\n<!--startcolumns--><\/p>\n<li>Accor<\/li>\n<li>AIG<\/li>\n<li>Agro Alimentos S.A.<\/li>\n<li>Alpargatas<\/li>\n<li>Alto Palermo SA<\/li>\n<li>Alto Paran\u00e1 SA<\/li>\n<li>American Express<\/li>\n<li>Andean Asset Management<\/li>\n<li>Arcelor Mittal<\/li>\n<li>Argencons<\/li>\n<li>Asociaci\u00f3n de Empresarios de la Vivienda<\/li>\n<li>Aslan y Ezcurra Arquitectos<\/li>\n<li>Atlantis Group<\/li>\n<li>Auchan Argentina<\/li>\n<li>Banco Comafi<\/li>\n<li>Banco Franc\u00e9s<\/li>\n<li>Banco Hipotecario<\/li>\n<li>Banco R\u00edo<\/li>\n<li>BAPRO<\/li>\n<li>BKS Developers<\/li>\n<li>Bovis Lend Lease<\/li>\n<li>Burco Desarrollos<\/li>\n<li>Carrefour Argentina<\/li>\n<li>Chediack Construcciones<\/li>\n<p><!--column-->\t<\/p>\n<li>Caputo Construcciones<\/li>\n<li>Castex Inmobiliaria<\/li>\n<li>Catedral Alta Patagonia<\/li>\n<li>Cencosud<\/li>\n<li>Club Campos de Golf Las Praderas de Luj\u00e1n<\/li>\n<li>Club N\u00e1utico San Isidro<\/li>\n<li>Constructora Sudamericana<\/li>\n<li>Control Uni\u00f3n<\/li>\n<li>Coppel<\/li>\n<li>Corporaci\u00f3n Buenos Aires Sur<\/li>\n<li>Cushman &amp; Wakefield<\/li>\n<li>Dataga Dinut &amp; Skill Holding SA<\/li>\n<li>Deloitte &amp; Touche<\/li>\n<li>Dypsa<\/li>\n<li>ECIPSA<\/li>\n<li>Ernst &amp; Young<\/li>\n<li>Estancias del Pilar<\/li>\n<li>Estudio Aisenson<\/li>\n<li>Estudio Weinstein &amp; Asoc<\/li>\n<li>Estudio Herrera Lussich<\/li>\n<li>Euromayor<\/li>\n<li>Ferroman Desarrollos Inmobiliarios<\/li>\n<li>Ficosa<\/li>\n<li>Gas Natural Ban<\/li>\n<p><!--column-->\t<\/p>\n<li>G&amp;D Developers<\/li>\n<li>Gobierno de la Ciudad de Buenos Aires<\/li>\n<li>Grupo Elektra<\/li>\n<li>Grupo Monarca<\/li>\n<li>Grupo Indalo<\/li>\n<li>Grupo Lubrano<\/li>\n<li>Grupo Techint Internacional<\/li>\n<li>Grupo Town House<\/li>\n<li>Grupo Uno<\/li>\n<li>Hip\u00f3dromo Argentino de Palermo<\/li>\n<li>IAG Arquitectos<\/li>\n<li>IRSA<\/li>\n<li>IRSA Cyrela<\/li>\n<li>Inmobiliaria Bullrich<\/li>\n<li>Inmobiliaria Narv\u00e1ez<\/li>\n<li>Inmsa<\/li>\n<li>Jockey Club Argentino<\/li>\n<li>JP Urruti<\/li>\n<li>Laboratorios Roche<\/li>\n<li>La Rural<\/li>\n<li>Ledesma<\/li>\n<li>Mastercard<\/li>\n<li>Madero Este<\/li>\n<li>Magna Capital<\/li>\n<p><!--column-->\t<\/p>\n<li>McKinsey &amp; Co<\/li>\n<li>Nieves del Chapelco SA<\/li>\n<li>Nike<\/li>\n<li>Nordelta<\/li>\n<li>Oficina Urbana<\/li>\n<li>OBM Internacional<\/li>\n<li>Pacheco Golf Club<\/li>\n<li>Playas del Faro<\/li>\n<li>Price Waterhouse Coopers<\/li>\n<li>Pirsa Argentina<\/li>\n<li>Pulte Homes<\/li>\n<li>Real Assets<\/li>\n<li>Rubica Inmobiliaria<\/li>\n<li>Sade Skanska<\/li>\n<li>Santander Investments<\/li>\n<li>Scotiabank<\/li>\n<li>Sodimac Argentina<\/li>\n<li>Surcons<\/li>\n<li>Tecnopolo<\/li>\n<li>Telecom Argentina<\/li>\n<li>TGLT<\/li>\n<li>Trammell Crow Co.<\/li>\n<li>Tierras de Patagonia<\/li>\n<li>US Equities Realty Argentina<\/li>\n<li>Zurich \u2013 Eagle Star<\/li>\n<\/ul>\n<p><!--stopcolumns--><br \/>\nEl equipo de Colombo+Colla ha participado en proyectos en los siguientes pa\u00edses: Antigua &amp; Barbuda, Brasil, China, Espa\u00f1a, Guatemala, Honduras, Mexico, Panam\u00e1, Paraguay, Uruguay, Estados Unidos, entre otros.<\/p>\n","protected":false},"excerpt":{"rendered":"<p>Estos son algunos de los clientes para los cuales el equipo senior de Colombo+Colla ha prestado servicios, tanto a nivel local como internacional: Accor AIG Agro Alimentos S.A. Alpargatas Alto Palermo SA Alto Paran\u00e1 SA American Express Andean Asset Management Arcelor Mittal Argencons Asociaci\u00f3n de Empresarios de la Vivienda Aslan y Ezcurra Arquitectos Atlantis Group [&hellip;]<\/p>\n","protected":false},"author":1,"featured_media":0,"parent":0,"menu_order":0,"comment_status":"closed","ping_status":"closed","template":"","meta":[],"_links":{"self":[{"href":"https:\/\/cycestrategia.com.ar\/index.php?rest_route=\/wp\/v2\/pages\/19"}],"collection":[{"href":"https:\/\/cycestrategia.com.ar\/index.php?rest_route=\/wp\/v2\/pages"}],"about":[{"href":"https:\/\/cycestrategia.com.ar\/index.php?rest_route=\/wp\/v2\/types\/page"}],"author":[{"embeddable":true,"href":"https:\/\/cycestrategia.com.ar\/index.php?rest_route=\/wp\/v2\/users\/1"}],"replies":[{"embeddable":true,"href":"https:\/\/cycestrategia.com.ar\/index.php?rest_route=%2Fwp%2Fv2%2Fcomments&post=19"}],"version-history":[{"count":4,"href":"https:\/\/cycestrategia.com.ar\/index.php?rest_route=\/wp\/v2\/pages\/19\/revisions"}],"predecessor-version":[{"id":99,"href":"https:\/\/cycestrategia.com.ar\/index.php?rest_route=\/wp\/v2\/pages\/19\/revisions\/99"}],"wp:attachment":[{"href":"https:\/\/cycestrategia.com.ar\/index.php?rest_route=%2Fwp%2Fv2%2Fmedia&parent=19"}],"curies":[{"name":"wp","href":"https:\/\/api.w.org\/{rel}","templated":true}]}}